et x = 692 - 340. What is the hundreds digit of x?
3
Let q be (10 - 0)*(-18)/(-45). Let o = 1 + q. Suppose -3 = y, -2*y + 100 = o*r - 89. What is the units digit of r?
9
Suppose -21*s - 21*s = -44562. What is the units digit of s?
1
Let d = 21 + 338. What is the units digit of d?
9
Let l(n) = n**2 - 22*n + 18. Suppose -4*i = -i + c - 74, 0 = -i + 2*c + 34. What is the hundreds digit of l(i)?
1
Let v be 8/6 + 532/(-57). What is the units digit of (v - -9) + 2 + 0 + 46?
9
Suppose 5*g - 130 = -5*v, -v + 4*v = -g + 82. Let x = v + -48. What is the units digit of x*1/(-2)*2?
0
Let z(s) = -s. Let g be z(-5). Suppose 5*p = 0, 2*p + 0*p - 85 = -g*r. Suppose 51 = 2*d - r. What is the units digit of d?
4
Let d(j) = j**2 + j - 1. Let s(x) = -3*x**2 - x + 4. Let b(q) = -2*d(q) - s(q). Let i be b(-2). Suppose -i*t = -83 - 17. What is the units digit of t?
5
Let w(v) = -3*v + 3*v + v - 2*v. Let i(x) = 5*x - 4. Let y(p) = 3*i(p) + 12*w(p). What is the units digit of y(7)?
9
Let o(i) = 31*i + 10. What is the tens digit of o(0)?
1
Let a be (84/(-9))/(3/9) + -2. Let k = -6 - a. What is the units digit of k?
4
Let y(d) = -2*d**3 - 3*d**2 + d - 4. Let w be y(3). What is the units digit of 14/84 - w/12?
7
Let t be 4*-3*(-4)/24. Suppose t*i = 14 + 164. What is the units digit of i?
9
Suppose -3*i = -9*d + 6*d - 1986, 0 = -3*i - d + 2002. What is the hundreds digit of i?
6
Let r(x) = x**2 - 7*x + 7. Let k be r(6). Let q be 1 - (k + (-3)/1). Suppose 0 = -5*j - q*f + 4 + 71, 0 = 3*j - f - 31. What is the units digit of j?
2
Suppose 7 = -9*n + 2*n. Let l be 261/((-15)/(-6) + n). Suppose 2*y = 5*y - l. What is the units digit of y?
8
Suppose -15*q = -8*q - 2891. What is the tens digit of q?
1
Let i = 62 + -65. Let k(p) = 18*p**2 + 2*p + 4. What is the tens digit of k(i)?
6
Suppose 0 = 2*p - 5*n + 29, 10 = -0*n + 2*n. Let l be -2*1/p - -1. Suppose l*o - 10 = o. What is the units digit of o?
0
Let g = 237 - 232. What is the units digit of g?
5
Let k(m) = 9*m**2 - m + 1. Let f be k(2). Let w = f + -32. Suppose -2*n = w*z + 1 - 19, 3*z = 4*n - 18. What is the units digit of n?
6
Let c(z) = -21*z + 198. What is the tens digit of c(-10)?
0
Let n = -47 - -46. Let g(m) = 119*m**2 + 1. What is the hundreds digit of g(n)?
1
What is the units digit of ((-2)/18)/(3/(-4419))*3?
1
Let z(x) = -x**2 - 36*x - 41. Let u be z(-20). Let o = 462 - u. What is the hundreds digit of o?
1
What is the hundreds digit of (5/10)/(3/978)?
1
Let d(f) = -3*f**2 - f - 1. Let a(p) = -8*p**2 - 2*p - 3. Let s(k) = 4*a(k) - 11*d(k). Let z be s(-4). Suppose 0 = -z*i + 73 + 11. What is the units digit of i?
8
Let k be (-4 - -8) + -6 - 7. What is the tens digit of 1758/15 - k/(-45)?
1
Suppose 4*o - 6 = 6*o. Let g(a) = -5*a**3 + 5*a + 4. Let d be g(o). Let t = 181 - d. What is the tens digit of t?
5
Let c(o) = o**3 + 7*o**2 - 10. Let q be c(-7). Let h be (2/(-4) + 0)*q. Let w(a) = 3*a**2 - 9*a. What is the units digit of w(h)?
0
Let u = -25 - -29. Suppose -u*j = 3*k - 67, -j = -5*k + 156 - 52. Suppose -6*r + 7*r = k. What is the units digit of r?
1
Let g = 9 + -6. What is the units digit of (-4)/g*2898/(-28)?
8
Suppose -25 = -o - 4*q, 0 = 4*o - 0*o - 4*q. Suppose -2*w + 4*j = 3*j + 11, 5*j = -o. What is the tens digit of 2/(w/(-495)*5)?
3
Suppose -2*a - 7 = -3. Let j = a + 3. What is the units digit of -12*j/(3/(-2))?
8
Suppose 9 + 9 = 3*q. Let t be 12/(-2)*(-14)/q. Suppose k = 2*k - t. What is the tens digit of k?
1
Suppose 2*o = -6*x + 3*x + 15, 4*o + 20 = 4*x. Let c be ((-22)/x)/(8/(-20)). Let y = 3 + c. What is the tens digit of y?
1
Let z(n) = -n**2 + 129*n + 292. What is the units digit of z(58)?
0
What is the units digit of (-2662)/(-5) + 3 + (-102)/30?
2
Let n = -130 + 428. Suppose 4*b - 3*b - n = 0. What is the units digit of b?
8
Let n(k) = 77*k - 34. What is the tens digit of n(8)?
8
Let q(a) = -63*a + 141. What is the hundreds digit of q(-11)?
8
Suppose 2*q - 5*w - 201 = 0, -2*w - 492 = -q - 4*q. Suppose 0*u - 2*u = -q. What is the units digit of u?
9
What is the tens digit of -2*(8 - (-905)/(-10))?
6
Suppose 4*r - 12 = -0*r. Suppose 0 = 2*n - 2, 2*n - 3*n + 124 = r*k. What is the tens digit of k?
4
Let k(d) = 6*d**3 - 3*d**2 - d + 3. Let n be k(1). Suppose -n*j + 1262 - 427 = 0. What is the hundreds digit of j?
1
Let y(o) = o**2 + 8*o + 10. Suppose 15 + 6 = -3*v. Let u be y(v). Suppose u*n = 61 + 8. What is the tens digit of n?
2
Suppose -4*w - 4*w = -216. Suppose -24*h + w*h = 393. What is the hundreds digit of h?
1
Suppose 4*c - 5181 = -2*o + 7281, -3*c - o + 9348 = 0. What is the tens digit of c?
1
Let p = 22 - 20. Suppose 0*m = 2*m - 10. Suppose m*k - 39 = -4*a, 4*a - 2*a - p*k = 6. What is the units digit of a?
6
Let s = 825 + -803. What is the tens digit of s?
2
Suppose 3004 = 5*p + 4*f, 4*p = -5*f + 2267 + 138. Suppose -4*x + p = -x + 2*u, 582 = 3*x - 4*u. What is the tens digit of x?
9
Let o be -4 + (0 + 0 - -1). Let s be 88/6*(-6)/4. Let i = o - s. What is the units digit of i?
9
Let z(p) = -p**3 + p. Let u(f) = 54*f**3 - f**2 - 6*f + 2. Let n(q) = u(q) + 5*z(q). What is the tens digit of n(1)?
4
Let w = -2342 - -3999. What is the units digit of w?
7
What is the units digit of 12*3/4*(-940)/(-30)?
2
Let o = 534 - 342. Suppose -8*c + 168 = -o. What is the tens digit of c?
4
Suppose 0 = -9*h + 4*h - 125. Let g = -7 - h. What is the units digit of g?
8
What is the units digit of 3 + (16/(4 + 0) - 4)?
3
Suppose 0 = -3*l - 2*z + 1970, l + 1958 = 4*l - z. What is the units digit of l?
4
Let r(q) be the second derivative of 0 + 7*q - 7/12*q**4 - 19/2*q**2 + 1/20*q**5 - 1/6*q**3. What is the units digit of r(8)?
7
Let m(r) = 5*r**2 + 5*r + 117. What is the hundreds digit of m(-18)?
6
Let l be -2*(-2)/(-4) - -36. Let t(y) = -2*y**2 - 28*y + 21. Let k be t(-14). Let r = l - k. What is the units digit of r?
4
Let n be (3/2)/3 - (-900)/8. Let d = n - 95. What is the units digit of d?
8
Suppose 0*m = 3*m - 675. Suppose 7*g - 188 - m = 0. What is the tens digit of g?
5
Let q(d) = -d**3 + 8*d**2 + 5*d + 9. Suppose -l - 35 = -5*v, 3*l = -5*v - l + 60. Let o be q(v). Let w = 3 + o. What is the tens digit of w?
5
Let o = 3750 + -2565. What is the tens digit of o?
8
Let n = -101 + 105. Suppose n*f = 5*f - 2*a - 145, -3*f = -a - 420. What is the tens digit of f?
3
Suppose -3*y = d - 8198, -d + 4514 + 6415 = 4*y. What is the thousands digit of y?
2
Let g(x) = 13 + 13*x + 0 - 4. Let t be -2*(20/(-5) + 2). What is the tens digit of g(t)?
6
Let f = -641 - -1095. What is the hundreds digit of f?
4
Let q(h) = -6*h**3 + h**2 + 4*h + 2. Let g be q(-3). What is the hundreds digit of (g/21)/(2/30)?
1
Let d(t) = -t**2 + 13*t - 6. Let k be -2 - ((3 - 2) + -7). Suppose -30 = -3*j - k*f, 3*j + 5*f = j + 20. What is the tens digit of d(j)?
2
Let s = -545 + 652. What is the tens digit of s?
0
Suppose -4*n + 16 = 0, -2*n + 830 = 2*r + r. Suppose -3*o = -6*m + m - r, 5*o + m = 438. What is the tens digit of o?
8
Suppose -6*x = -3*x - 18. Suppose -x*a + 390 = -3*a. What is the units digit of a?
0
Let v(s) = s + 2. Let t be v(0). Let h be t - (3 + -105)/(-2). Let q = h + 87. What is the units digit of q?
8
Suppose -12 = -2*v - v. Suppose 4*j = -4*k + 3*j + 30, 3*j = v*k - 38. Let d = -5 + k. What is the units digit of d?
3
Suppose z + 3*r = 4*z - 261, 0 = z - 3*r - 79. Let l = 128 - z. What is the units digit of l?
7
Suppose 0 = 3*r + 18 - 108. Let v = r + -24. Suppose 3*g - v*g + 18 = 0. What is the units digit of g?
6
Let q be 8/((10/205)/2). Suppose -8 = 4*o, -3*r + o + q = -o. What is the hundreds digit of r?
1
Suppose 0 = -a - 19 - 5. Let t be a*(16/(-12))/4. Suppose -3*p - t*z = -3*z - 76, 3*p - 68 = -z. What is the tens digit of p?
2
Suppose -4747 = -22*z + 555. What is the tens digit of z?
4
What is the units digit of 6*(-12)/16*760/(-6)?
0
Let n = 266 - 171. What is the units digit of n?
5
Suppose -m - 12 = 2*j, -m - 5*j = 27 - 0. What is the units digit of m - 3/((-9)/51)?
5
Let q = 1527 + -812. What is the units digit of q?
5
Let i(v) = v**2 + 11*v - 8. Let y be i(-12). Suppose y*o - d - 205 = 0, -o + 266 = 4*o + 2*d. What is the tens digit of o?
5
Suppose 3*x - 190 = -2*x. Suppose 4*n - x = -14. What is the units digit of (-2)/(-3)*279/n?
1
Let q(x) = 5*x**2 + 36*x + 9. Suppose 3*n + 3 = 6, 0 = 3*b + n + 26. Wh